x + 2*x + 5*s, 5*s - 75 = 5*x. Let z(p) = 8*p**2 + 13*p + 38. Is z(x) composite?
False
Let c = -298 - -263. Is ((-1)/(-2))/(c/(-229390)) a composite number?
True
Let d(p) = p**2 + p + 4. Let x be d(0). Let v(m) = -4*m + 6*m**2 - 19 + x*m + 2*m. Is v(12) a prime number?
False
Let o = 4153 - -2197. Suppose b = -4*b + o. Suppose 2*a - b = 184. Is a a prime number?
True
Let c = 51 - 48. Suppose 3*t - 6 - c = 0. Suppose -6*i + 2283 = -t*i. Is i prime?
True
Let g be ((-59)/5 + 1)*(-175)/70. Let b(q) = 68*q - 85. Is b(g) a prime number?
False
Let v(l) = -l**2 - 48*l + 11. Suppose -m + 40 = -2*t - 8, -5*t - 4*m = 146. Is v(t) prime?
False
Let p(w) = -124*w + 91. Suppose -6*x - 5 = 19. Is p(x) a composite number?
False
Let y = 47 - 51. Let r(k) be the first derivative of -11*k**4/4 + 4*k**3/3 - 2*k**2 + 3*k + 17. Is r(y) prime?
True
Let q be (-24)/(-30)*5 - 100. Is (-3)/36 - 149672/q a composite number?
False
Let i = 3382 - 5826. Let m = i - -3817. Suppose 1693 = x - 2*y, x + y - m = 311. Is x prime?
False
Let o(n) = -139*n + 22. Let s be o(-6). Suppose 2640 = 4*c - s. Suppose 2*j - 4*z = c, -567 = -4*j + 3*z + 1206. Is j a composite number?
True
Let y = -359 + 361. Suppose -5*j = k - 230 - 368, 0 = -4*j - y*k + 482. Is j composite?
True
Suppose l - 805951 = 3*s, 0 = -5*l + 424*s - 426*s + 4029619. Is l a composite number?
True
Let j = -702714 + 1031557. Is j prime?
False
Suppose a = -3*z + 27, z = 2*a - 6*a + 119. Suppose -a*k - 1174 = -28*k. Let g = 360 - k. Is g composite?
False
Let o be 8*(-3 + 8 + -4). Suppose -4*m + 30679 = 3*w, o - 10 = -2*w. Is m prime?
True
Let o be (8/10)/((-18)/45). Let a be (3/o)/((-4)/(-48)). Is a/(-63) + (-4835)/(-7) prime?
True
Let b be ((-12)/(-27)*3)/((-4)/(-4002)). Let p = -316 + b. Is p prime?
False
Let r be (-18796)/(-18) + 4/(-18). Suppose 0 = 9*z - 5*z - r. Is (3/(-9))/((-1)/z) a prime number?
False
Let v(z) = z**2 - 6*z - 5. Let l be v(5). Suppose 3*u + 13 = -2*w, -5*w + 3 + 2 = 0. Is (u + l/(-4))/((-2)/92) a composite number?
True
Let j(c) = -2*c**3 + 2*c**2 + 9*c + 720481. Is j(0) composite?
False
Suppose -31 = 2*w - 5*b, -b = 4*w - 8*w - 35. Is (-48654)/w + 63/(-84) a prime number?
False
Let m(r) = -3273*r**3 - 12*r**2 - 6*r + 1. Is m(-2) a prime number?
False
Let d = -32913 + 116386. Is d prime?
False
Let i = 605096 - 234717. Is i a prime number?
False
Is (-70)/70*(-22521 - 0) a composite number?
True
Let p(h) = -12*h**3 - 3*h**2 - 10*h - 15. Let t be p(-5). Let s = 2070 - t. Suppose 0 = 5*a - s - 1255. Is a a prime number?
True
Let z be (-1)/2 + (-177)/6. Let b be 20/(4 - 2)*(-10)/25. Is z/b*3882/15 a composite number?
True
Suppose 0 = -5*q - x + 1192777, -19926 = -5*q + 2*x + 1172845. Is q composite?
True
Is 8/2*(45/126)/((-110)/(-34405063)) prime?
True
Let d be (33*(4 + -3))/3. Suppose d*s - 15523 = 3276. Is s a prime number?
True
Let h(c) = 4*c**2 - 2*c - 4. Let a be h(-1). Suppose 4*t = 5*y + 120, 4*y = a*t + 3*t - 105. Let b(x) = -60*x + 77. Is b(y) prime?
True
Suppose 112879 + 108271 = 10*n. Is n a composite number?
True
Is 8/(-5) + (-1521744)/(-60) + 2/10 a prime number?
False
Suppose -y = 5*i + 7 + 37, -3*i = -4*y + 31. Is i + (-23556)/(-9) - 2/(-3) prime?
True
Suppose -74 = -3*x - 20. Suppose x*v - 4*v - 3626 = 0. Is v a prime number?
False
Let w be (-2)/2 - -2 - -2. Let j be (-2*3)/(w - (-15)/(-3)). Suppose 0 = -j*o - d + 774, d = 1 - 4. Is o a prime number?
False
Let h be (-608)/(-32) - (-2 + (-6)/(-3)). Suppose 31*q = h*q + 26748. Is q prime?
False
Is (351/(-2405) - 4/74) + (-592116)/(-5) composite?
False
Suppose -69*l = l - 0*l - 342370. Is l prime?
False
Let f = -52 - -55. Suppose 4*y + f = -l, 4*l - l + 5*y = -2. Is 797/l*(7 + -6) a prime number?
True
Let p be 3 - -1 - (23 - 8). Is (5 - (-5 - p))*-2153 composite?
False
Suppose 207*o - 41140998 = 27176426 - 17834885. Is o prime?
False
Let i(f) = 6*f**2 + 213*f + 1811. Is i(122) composite?
False
Let s = 62 - 60. Suppose -5*q + 3875 = -s*a - 2*q, -q + 3 = 0. Let w = -656 - a. Is w a prime number?
True
Suppose 8*q + 216 = 2*q. Let c be (-260)/q + 2/(-9). Suppose -4419 + 2 = -c*z. Is z a prime number?
True
Let k be (-1635 - 18/3)/(3/(-86)). Suppose 4*p + 4*m - 11004 = 26644, -k = -5*p + m. Is p a prime number?
False
Let c(d) be the first derivative of 14*d**3/3 - 3*d**2 + 6*d - 13. Let w be c(-6). Suppose -541 = -j + w. Is j a composite number?
False
Suppose d - 2*b - 64 = 2*b, -3*b = -d + 69. Suppose -2*y + 4*u = 78, -182 + 21 = 3*y + 5*u. Let s = y + d. Is s a prime number?
True
Suppose 5*n - 49565 = 5*o, 0 = 3*n - 2*o + 5*o - 29745. Suppose -5*r + n = -23091. Suppose 5*i = -5*z + 4*i + 8250, i - r = -4*z. Is z a composite number?
True
Suppose 0 = -3*t - l + 13, 0 = t + 2*t - 2*l - 10. Suppose 0 = -t*p, -4*p = 5*r - 3*r - 4252. Is r composite?
True
Suppose 17604 = 15*u - 43281. Suppose 6*j - 16887 = u. Is j prime?
True
Suppose -28*w - 43*w = -783059. Is w composite?
True
Is 1*(-3 - (-805300)/10) a prime number?
True
Suppose -v + 797427 = -3*z - 98536, -5*z + 30 = 0. Is v a composite number?
True
Suppose -13*a + 553 = -1670. Suppose -160*c = -a*c + 27049. Is c prime?
True
Suppose -2*o = 5*z - 26, 2*o = 3*z - 3 - 19. Suppose 6*p = 3*p + z. Suppose q - 892 = -q + 2*v, 461 = q + p*v. Is q prime?
False
Is 60/(-40)*52610/(-3) a composite number?
True
Suppose 5*k = -4*p, 4*k = 2*k - 2*p. Suppose 4*i - 2*n - 55776 = k, -5*i + 11*n - 10*n = -69723. Is i a composite number?
True
Let m(n) = 3*n**2 - 13*n - 15*n - 2*n**2 + 41 + 48*n - 15*n. Is m(-7) prime?
False
Let s = -9903 + 16141. Is s prime?
False
Let q(c) = -c**3 - 3*c**2 + 28*c + 209. Is q(-14) prime?
True
Let j(p) = -1971 + 40*p**2 + 4*p - 21*p + 1967. Is j(-9) a prime number?
True
Suppose 3*f - 4 = 5*g + 1, -4*f + 26 = 3*g. Suppose -12769 - 1456 = -f*y. Is (y/(-10) - -3)*-2 a composite number?
False
Suppose -1 = -4*o + 3*d - 8*d, -2*o - 3*d - 1 = 0. Suppose 3433 = 5*x + o*j, 2594 + 848 = 5*x + j. Is x composite?
True
Suppose 4*i + 136 + 92 = 0. Let m = 63 + i. Suppose 0 = -2*g + m, 9853 = 5*y - 4*g. Is y composite?
False
Let i be 12/(-18) - (-310)/6. Let s = -582 - -1029. Suppose -54*f + i*f = -s. Is f composite?
False
Let r(t) = -2*t**2 - 5*t - 98. Let j(m) = 2*m**2 - 2*m + 1. Let d(n) = 6*j(n) - r(n). Is d(11) composite?
False
Let m = -12261 - -27964. Is m composite?
True
Suppose 3*s - c = 76736, -4814 = 4*s - 2*c - 107132. Is s composite?
False
Let c(b) = 32*b**3 + 5*b**2 - 40*b + 64. Is c(5) prime?
True
Let j(y) = 9*y**2 + 11*y + 7. Let p be j(10). Let v(d) = -d**3 - 15*d**2 - 6*d - 84. Let z be v(-15). Suppose -z*s + 741 + p = 0. Is s prime?
True
Let f be 2266/4*(-6 - -20)/7. Let o = f + 40. Is (1 + (-110)/(-6))/(46/o) a prime number?
False
Let b(j) be the second derivative of -109/2*j**3 - j + 2*j**2 + 0. Is b(-1) a prime number?
True
Suppose 2*j + 29227 = -4*s + 130473, 75936 = 3*s + j. Is s a composite number?
True
Suppose -5*s + 546 = 146. Suppose -2 = -2*a + 4*u + 38, s = 3*a + 4*u. Is (((-8790)/a)/5)/(2/(-24)) prime?
False
Let q(b) = 349*b**2 + 10*b - 19. Let o be 4*(49/7)/14. Is q(o) composite?
True
Suppose -873 - 2383 = -2*h. Suppose 4*v + 4*g = h, -9*v = -4*v + g - 2043. Let l = 574 + v. Is l composite?
False
Let f(u) = 8*u - 21. Let d be f(5). Let o = d + -16. Suppose -2733 = -o*b - 2*j, -2*b + 7*b - 2*j - 4571 = 0. Is b a composite number?
True
Let d = 33 + -32. Let i(a) = 5*a**3 + 2*a**2 - 3*a + 1. Let g be i(d). Suppose 3*j + 557 = g*v, -v = -2*j + 2 - 119. Is v a composite number?
False
Suppose 131*s = 119*s - 192. Let v(u) = -3*u**3 - 10*u**2 + 36*u - 9. Is v(s) a composite number?
True
Suppose m = 2*s - 7*s - 11, 2*m + 3*s = 6. Let f be (9846/(-15))/(m*4/120). Is 15/(-25) + f/(-5) composite?
True
Let j(c) = -15938*c + 187. Is j(-8) a composite number?
False
Let x be ((-16)/(-48))/(2/12). Suppose 7289 = m + 3*h - 2*h, 0 = 3*m + x*h - 21864. Suppose 0 = 5*q - 1349 - m. Is q composite?
True
Suppose -4165657 = -39*o - 8*o. Is o composite?
True
Suppose 0 = -6*i + 4*i + 6, -2*q + 5*i = 3. Suppose -2*s - 8 = 0, -5*t + 9*s - q*s + 18907 = 0. Is t composite?
False
Let q = -874 - -5090. Let h(x) = -25*x**2 + 32*x - 93. Let k be h(8). Let w = q + k. Is w a composite number?
True
Let c = -43 - -57. Let t be 620/c + 12/(-42). Suppose -s = -t - 62. Is s a composite number?
True
Suppose 8